 58899941 is divided by 3142.
9
Calculate the remainder when 55836 is divided by 6289.
5524
What is the remainder when 26476358 is divided by 20?
18
Calculate the remainder when 353998 is divided by 176436.
1126
Calculate the remainder when 1780679 is divided by 2453.
2254
Calculate the remainder when 843782 is divided by 2110.
1892
Calculate the remainder when 791195 is divided by 934.
97
Calculate the remainder when 187249995 is divided by 13375.
13370
Calculate the remainder when 999378 is divided by 499643.
92
What is the remainder when 34175 is divided by 5692?
23
What is the remainder when 1409488 is divided by 4714?
2
Calculate the remainder when 41044 is divided by 1642.
1636
What is the remainder when 5808318 is divided by 4312?
54
What is the remainder when 553047 is divided by 138212?
199
What is the remainder when 442601 is divided by 4024?
3985
Calculate the remainder when 769727 is divided by 2636.
15
Calculate the remainder when 532244 is divided by 25344.
20
What is the remainder when 47284 is divided by 1325?
909
What is the remainder when 289500 is divided by 3530?
40
What is the remainder when 10518647 is divided by 355?
352
What is the remainder when 59081 is divided by 608?
105
Calculate the remainder when 220858 is divided by 73502.
352
Calculate the remainder when 9222187 is divided by 18.
13
Calculate the remainder when 419273 is divided by 13524.
29
What is the remainder when 624490 is divided by 939?
55
What is the remainder when 1762558 is divided by 3741?
547
Calculate the remainder when 21910953 is divided by 391267.
1
Calculate the remainder when 437646229 is divided by 691.
688
What is the remainder when 126409 is divided by 30?
19
What is the remainder when 11083701 is divided by 11?
2
Calculate the remainder when 19884 is divided by 1257.
1029
Calculate the remainder when 10267479 is divided by 1711221.
153
What is the remainder when 840428 is divided by 215?
208
Calculate the remainder when 4177372 is divided by 4177370.
2
What is the remainder when 2342141 is divided by 1547?
1530
Calculate the remainder when 45451108 is divided by 59.
45
Calculate the remainder when 196647 is divided by 196375.
272
What is the remainder when 536930 is divided by 7462?
7128
Calculate the remainder when 758116644 is divided by 698.
696
Calculate the remainder when 1074180 is divided by 537065.
50
Calculate the remainder when 43046446 is divided by 2850.
46
What is the remainder when 1046950 is divided by 90?
70
Calculate the remainder when 144494795 is divided by 44916.
23
What is the remainder when 708427 is divided by 141680?
27
What is the remainder when 137102 is divided by 3423?
182
Calculate the remainder when 1092224 is divided by 363976.
296
Calculate the remainder when 69099329 is divided by 11686.
11
What is the remainder when 66033 is divided by 2282?
2137
Calculate the remainder when 773732 is divided by 7895.
22
What is the remainder when 501695 is divided by 250796?
103
Calculate the remainder when 6324 is divided by 3146.
32
What is the remainder when 10133172 is divided by 1665?
1647
Calculate the remainder when 1896718 is divided by 57.
43
What is the remainder when 1234030 is divided by 76?
18
What is the remainder when 5814488 is divided by 138438?
92
What is the remainder when 4921648 is divided by 3503?
3436
What is the remainder when 6577313 is divided by 7?
1
Calculate the remainder when 95341 is divided by 8541.
1390
Calculate the remainder when 878025 is divided by 12721.
276
What is the remainder when 342852 is divided by 342?
168
What is the remainder when 24064 is divided by 22941?
1123
Calculate the remainder when 68975 is divided by 66.
5
What is the remainder when 184289 is divided by 4284?
77
What is the remainder when 9535886 is divided by 4767943?
0
Calculate the remainder when 73794 is divided by 36602.
590
Calculate the remainder when 891803 is divided by 99088.
11
What is the remainder when 10409907 is divided by 798?
795
Calculate the remainder when 937852 is divided by 93765.
202
What is the remainder when 76837 is divided by 25572?
121
What is the remainder when 637121 is divided by 527?
505
What is the remainder when 14293873 is divided by 105102?
1
Calculate the remainder when 42669789 is divided by 1803.
1794
Calculate the remainder when 7209863 is divided by 3.
2
What is the remainder when 14247084 is divided by 2145?
2139
Calculate the remainder when 4141 is divided by 969.
265
What is the remainder when 4117575 is divided by 2665?
150
What is the remainder when 6822 is divided by 569?
563
What is the remainder when 158984 is divided by 15609?
2894
What is the remainder when 28254 is divided by 13963?
328
Calculate the remainder when 1637555 is divided by 94.
75
What is the remainder when 1264395 is divided by 945?
930
Calculate the remainder when 10787842 is divided by 21882.
16
Calculate the remainder when 1923629 is divided by 163.
66
Calculate the remainder when 4089906 is divided by 14.
2
Calculate the remainder when 16154065 is divided by 301.
298
What is the remainder when 163072 is divided by 581?
392
What is the remainder when 1520266 is divided by 935?
891
Calculate the remainder when 9261679 is divided by 65.
24
What is the remainder when 1283929 is divided by 166?
85
What is the remainder when 311226628 is divided by 65?
63
What is the remainder when 350067 is divided by 1167?
1134
What is the remainder when 6838119 is divided by 744?
15
Calculate the remainder when 2573053 is divided by 76.
73
What is the remainder when 6742412 is divided by 842799?
20
What is the remainder when 1094997 is divided by 364550?
1347
Calculate the remainder when 111390 is divided by 37060.
210
Calculate the remainder when 55262006 is divided by 81.
80
Calculate the remainder when 15882496 is divided by 2647082.
4
What is the remainder when 957637 is divided by 6521?
5571
What is the remainder when 57207 is divided by 18563?
1518
Calculate the remainder when 1644880008 is divided by 2578.
2576
What is the remainder when 287496 is divided by 15?
6
What is the remainder when 98864 is divided by 382?
308
What is the remainder when 262725996 is divided by 33839?
0
Calculate the remainder when 4447341 is divided by 2006.
39
What is the remainder when 246529 is divided by 61541?
365
What is the remainder when 15163438 is divided by 2829?
2827
What is the remainder when 3039224 is divided by 64664?
16
What is the remainder when 2285566 is divided by 761790?
196
Calculate the remainder when 1138986 is divided by 9038.
198
What is the remainder when 145252 is divided by 16074?
586
What is the remainder when 2187694 is divided by 2871?
2863
Calculate the remainder when 123010 is divided by 402.
400
Calculate the remainder when 78769 is divided by 980.
369
Calculate the remainder when 148963 is divided by 784.
3
What is the remainder when 2382896 is divided by 282?
278
What is the remainder when 38592 is divided by 7624?
472
What is the remainder when 13005639 is divided by 1547?
10
What is the remainder when 305631 is divided by 37622?
4655
Calculate the remainder when 587797 is divided by 587730.
67
Calculate the remainder when 3480862 is divided by 11680.
222
Calculate the remainder when 290542 is divided by 258.
34
What is the remainder when 275166 is divided by 91554?
504
Calculate the remainder when 34267854 is divided by 89.
6
What is the remainder when 96213 is divided by 32064?
21
What is the remainder when 3541398 is divided by 708107?
863
What is the remainder when 3316 is divided by 2937?
379
Calculate the remainder when 10288414 is divided by 2156.
2138
What is the remainder when 2736120 is divided by 1723?
1719
What is the remainder when 512884 is divided by 170955?
19
Calculate the remainder when 4692123 is divided by 326.
5
Calculate the remainder when 6388 is divided by 3441.
2947
What is the remainder when 12166092 is divided by 3041518?
20
What is the remainder when 808515 is divided by 434?
407
Calculate the remainder when 556575 is divided by 185519.
18
What is the remainder when 2915115 is divided by 364361?
227
What is the remainder when 118021 is divided by 3526?
1663
Calculate the remainder when 321446159 is divided by 4830.
4829
What is the remainder when 7753991 is divid